-7*a + 3. Let h be b(-1). Let p be 3 - 2 - (-7 + (h - 5)). Suppose p*n + 1071 = 12*n. List the prime factors of n.
7, 17
Let u = 42 + -40. Suppose -5*p = -0*j - 5*j + 3085, u*p - 602 = -j. What are the prime factors of j?
2, 3, 17
What are the prime factors of 2/(-18) + (-130)/40 + 18455805/324?
7, 79, 103
Let a(p) = p**2 - 5*p + 2. Let f be a(0). Suppose -l - 3*u = -498, l - f*l + 514 = -5*u. What are the prime factors of l?
2, 3, 7
Let g = 47 - 186. Let f = g + 379. What are the prime factors of f?
2, 3, 5
Let f = 15177 + -7942. What are the prime factors of f?
5, 1447
Let x = -1345 - -3769. What are the prime factors of x?
2, 3, 101
Suppose 609 + 357 = -3*x - 5*j, 5*j = x + 322. Let r = x + 814. What are the prime factors of r?
2, 3, 41
Let n = -18784 - -32190. What are the prime factors of n?
2, 6703
Let l(c) = 23*c**2 - 15*c - 64. Let y be l(-5). Let g = -226 + y. List the prime factors of g.
2, 3, 5
Let r(t) be the second derivative of t**5/20 - 2*t**2 + 10*t. Let h be r(3). Suppose -m + 45 = -h. List the prime factors of m.
2, 17
Suppose 652336 = -72*g + 1414617 + 928711. List the prime factors of g.
2, 11743
Let k(p) = -p**3 + 12*p**2 + 11*p - 42. Let a = -185 + 196. What are the prime factors of k(a)?
2, 5
Suppose 7*y - 47*y = 0. Suppose y = 863*k - 860*k - 1023. List the prime factors of k.
11, 31
Let b(y) = 92*y + 87. Let f(x) = 277*x + 264. Let l(z) = -8*b(z) + 3*f(z). What are the prime factors of l(9)?
3, 317
Let c(r) = r**3 + 14*r**2 - 34*r - 30. Let i be c(-16). List the prime factors of (-6*4/4)/i + 387.
2, 3
Let x(j) = -j - 129. Let h be x(-27). Let z = h + 123. List the prime factors of z.
3, 7
Let h = 269 + -100. Let o = 53 + h. What are the prime factors of o?
2, 3, 37
Let h(a) = 93 - 105 - 8*a - a**2 + 5*a**2 - a**2. Let n be h(16). Suppose -n = -4*f - 44. List the prime factors of f.
2, 73
Let p be (-10)/(-1) - (-8 + 9). Suppose 188 = -p*f + 11*f. Let h = 239 - f. What are the prime factors of h?
5, 29
Suppose 5*h = 4*v + 51587, 9*v - 41278 = -4*h + 8*v. List the prime factors of h.
17, 607
Let t = 52 + -25. Let m = t + -18. Let b(q) = q**2 + q - 6. What are the prime factors of b(m)?
2, 3, 7
What are the prime factors of 95/2*(118 - (14 - 20))?
2, 5, 19, 31
Let f be (3 - (1 + 2)) + (-2 - -2). Suppose 3*g - 2*g + 3 = f, -2*i = -2*g - 16. Suppose -i*x - 90 = -7*x. What are the prime factors of x?
3, 5
Suppose 14*k - 5*k = 8928. List the prime factors of (k*5)/8 - 0.
2, 5, 31
Let d(q) = -57*q + 1. Let s be d(-1). Let l = 106 - s. Suppose -4*h + l = 2*t - 26, 4*h = t - 55. List the prime factors of t.
43
Let b(m) = m**2 + 55*m + 2109. What are the prime factors of b(-71)?
5, 11, 59
Suppose a = 2*u + 6745 + 9773, u = 1. What are the prime factors of a?
2, 5, 7, 59
List the prime factors of (194/24 - 8) + (-2672920)/(-96) + 1.
2, 6961
Let v be ((-17)/2 - -8)*(-4995 - 1). Suppose 4*z = -3*k + 2006, 7*z = 2*z + k + v. What are the prime factors of z?
2, 5
Let d(q) = 8*q + 4. Let r(f) = 1. Let v(h) = -d(h) - 4*r(h). Let b = -8 + 1. List the prime factors of v(b).
2, 3
Let k = -8 - 13. Let w = 23 + k. Suppose 98 + 28 = w*b. List the prime factors of b.
3, 7
Let s be ((-1)/(-2))/(8/(-96)*2). What are the prime factors of s*4/10*9030/(-12)?
3, 7, 43
Suppose -5*q + q = -8. Let z be (-10)/6*354/(-295). Suppose -2*n - q*w = 3*n - 540, z*n = 3*w + 235. What are the prime factors of n?
2, 5, 11
Suppose 0 = 6*n - 7*n - a - 1020, -n + a - 1030 = 0. Let d = n + 1673. What are the prime factors of d?
2, 3
Suppose 2*g = -9 + 17. Suppose g*r = 0, -u + 4*r + 5 - 2 = 0. Suppose 213 = 3*y + u*d, -d = -0*d. List the prime factors of y.
71
Suppose 6 = -3*f, -2*g - 3*f = -4*f - 20880. List the prime factors of g.
11, 13, 73
Suppose 86*d - 77*d - 36 = 0. Suppose 3*x + 2*t - t = 401, d*x - 544 = t. List the prime factors of x.
3, 5
Let r = 455 - 414. Let i be (-125)/(-3 + 6 - 4). Let p = i + r. List the prime factors of p.
2, 83
Let k(t) = -2*t**3 - 24*t + t**3 - 11*t**2 + 0*t**2 - 5 - 3*t**2. What are the prime factors of k(-16)?
3, 11
Suppose 0 = 156*u - 160*u - 3*b + 66062, -u = -b - 16519. What are the prime factors of u?
83, 199
Let r(k) = -k**2 - 14*k + 48. Let m be r(-17). List the prime factors of 7 + -8 + 6*(-54)/m.
107
Let j(b) = b**2 + 18*b. Let c(o) = 2*o - 51*o - 13*o - 10*o - 4*o**2 + 1. Let q(a) = -2*c(a) - 9*j(a). List the prime factors of q(-12).
2, 5, 7
Suppose -268424 = 3*r - 16*r. List the prime factors of r.
2, 29, 89
Let c = 935 - 539. Suppose 4*p = 7*p - c. What are the prime factors of p?
2, 3, 11
Let x be (1 + (-4)/2)*1*-177. Let f = x + -105. What are the prime factors of f?
2, 3
Let x = -189 - -192. What are the prime factors of (1452/18*-7)/((-2)/x)?
7, 11
Let k(v) = 12*v**2 + 5*v + 7*v**2 - 237 + 243. Let i be k(6). Suppose -2*b - 8*b = -i. What are the prime factors of b?
2, 3
Let i be (-3)/12*-28 + -3. Suppose j + 2*v + 596 = i*j, 0 = -v + 2. What are the prime factors of j?
2, 5
Let f = -781 + -380. Let s = f - -1672. What are the prime factors of s?
7, 73
Let w be 6/(-36) - (-42)/36. Let z(p) = 18*p**2 - 4*p - 2. Let v(t) = 53*t**2 - 11*t - 5. Let n(r) = 3*v(r) - 8*z(r). List the prime factors of n(w).
3, 5
Let g(r) = r**3 - 22*r**2 + 28*r + 27. Let d be g(23). Suppose 0 = 5*q + 2*k + 8064, -k = 2*q + 2026 + d. List the prime factors of q/(-10) + 2/(-10) + 1.
2, 3
Let z be (-19 - -19) + 3 + 0. Let w = -7 - -19. List the prime factors of 464/z - (0 - (-8)/w).
2, 7, 11
Let d(x) be the first derivative of 51*x**2/2 + 176*x + 54. List the prime factors of d(15).
941
Let h = -26 - -34. What are the prime factors of 1*h/(-12)*(0 + -1590)?
2, 5, 53
Let c be ((-210)/(-75))/((-2)/(-180)). Let p = c + 136. What are the prime factors of p?
2, 97
Suppose k + 3*b = 8*b + 1437, 7157 = 5*k + 3*b. List the prime factors of k.
2, 179
Suppose -2*d + 18*r = -3123 - 12193, 30398 = 4*d + 3*r. List the prime factors of d.
2, 1901
Let o = 235 - 123. Let c = 114 - o. Suppose -3*k = -5*q - 678, -q - 453 = -c*k + 2*q. List the prime factors of k.
3, 7, 11
Let j(a) = a**3 - 11*a**2 + 16*a + 12. Let r be j(2). Suppose -5*m + n + 350 = 0, 0 = -2*m + 3*n + 81 + 46. Let x = m - r. What are the prime factors of x?
3, 7
List the prime factors of 5103/756*(-1 + 1281).
2, 3, 5
Suppose -15767 = 16*q - 310167. What are the prime factors of q?
2, 5, 23
Let n(s) = s**3 + 8*s**2 + 8*s + 21. Let b be n(-6). Suppose -41*h + b*h = -4*j + 2336, -2*h + 1183 = -j. What are the prime factors of h?
19, 31
Let o(i) = 27*i**2 - 135*i + 11. Suppose 5*t + 136 = 22*t. What are the prime factors of o(t)?
659
Let x(m) = -6*m - 9. Let n(t) = -t**3 + 9*t**2 - 7*t - 22. Let i be n(7). Let l = i - 45. What are the prime factors of x(l)?
3, 11
Suppose 11*o - 4*o + 595 = 0. Let c = o - -90. What are the prime factors of (2 + 3)/c*23*7?
7, 23
Let h(w) = -3*w**3 - 2*w**2 - 7*w - 3. Let y(x) = x**2 + x + 1. Let p be (-39)/(-26) + (-5)/2. Let m(z) = p*y(z) + h(z). What are the prime factors of m(-3)?
2, 37
Suppose 712*v + 200772 = 778*v. List the prime factors of v.
2, 3, 13
Suppose -3*y + 6 = 3*m - 0*y, 4*y - 10 = -5*m. Let f be ((-228)/18 - -6) + m/3. What are the prime factors of 4585/42 - (-1)/f?
109
Suppose -22*v - 5*v - 1957668 = -165*v. What are the prime factors of v?
2, 41, 173
Let u be (-2)/21*-3 + 5562/378. Suppose 12 = -11*x + u*x. Suppose 2*s = -0*s - x*g + 266, 126 = s - 2*g. What are the prime factors of s?
2, 5, 13
Suppose -5*c - 10 = 5*t, -t + 4*t = -15. Let i be 3/(-18) - c/(-18). Suppose a - 5*a - 4 = i, 2*a + 986 = 4*n. What are the prime factors of n?
2, 3, 41
Suppose -216923 = -12*l - 137*w + 142*w, -4*l + 72306 = -2*w. What are the prime factors of l?
101, 179
Suppose 4*o = 11 - 15. List the prime factors of (-4593)/(-9) - o/(-3).
2, 3, 5, 17
Suppose -3*i + 13667 = -1825. What are the prime factors of i?
2, 1291
Let v(x) = x**2 - 23*x + 56. Let y be v(13). Let m = 147 + y. List the prime factors of m.
73
Let z(y) = -10*y**3 - 9*y**2 + 3*y - 5. Suppose -4*a = a - l + 28, -3*a + 4*l - 27 = 0. What are the prime factors of z(a)?
3, 5, 67
Let s be 0/(((-1)/3)/((-1)/3)). List the prime factors of 436 - -1*(1 - s).
19, 23
Let o = 411 - 420. What are the prime factors of 90*o/12*208/(-24)?
3, 5, 13
What are the prime factors of 573560/62 + 459/14229?
11, 29
Let